{"id":7659,"date":"2025-09-15T20:09:37","date_gmt":"2025-09-15T20:09:37","guid":{"rendered":"https:\/\/idc-cdi.com\/staging\/?page_id=7659"},"modified":"2025-09-15T20:13:32","modified_gmt":"2025-09-15T20:13:32","slug":"documents-resolutions-spanish","status":"publish","type":"page","link":"https:\/\/idc-cdi.com\/staging\/documents-resolutions-spanish\/","title":{"rendered":"Documents &#038; Resolutions (Spanish)"},"content":{"rendered":"\t\t<div data-elementor-type=\"wp-page\" data-elementor-id=\"7659\" class=\"elementor elementor-7659\" data-elementor-post-type=\"page\">\n\t\t\t\t<div class=\"elementor-element elementor-element-dbe587d e-flex e-con-boxed e-con e-parent\" data-id=\"dbe587d\" data-element_type=\"container\">\n\t\t\t\t\t<div class=\"e-con-inner\">\n\t\t\t\t<div class=\"elementor-element elementor-element-27a28b7 elementor-widget elementor-widget-spacer\" data-id=\"27a28b7\" data-element_type=\"widget\" data-widget_type=\"spacer.default\">\n\t\t\t\t<div class=\"elementor-widget-container\">\n\t\t\t\t\t\t\t<div class=\"elementor-spacer\">\n\t\t\t<div class=\"elementor-spacer-inner\"><\/div>\n\t\t<\/div>\n\t\t\t\t\t\t<\/div>\n\t\t\t\t<\/div>\n\t\t\t\t<div class=\"elementor-element elementor-element-8b3ad09 elementor-widget elementor-widget-spacer\" data-id=\"8b3ad09\" data-element_type=\"widget\" data-widget_type=\"spacer.default\">\n\t\t\t\t<div class=\"elementor-widget-container\">\n\t\t\t\t\t\t\t<div class=\"elementor-spacer\">\n\t\t\t<div class=\"elementor-spacer-inner\"><\/div>\n\t\t<\/div>\n\t\t\t\t\t\t<\/div>\n\t\t\t\t<\/div>\n\t\t\t\t\t<\/div>\n\t\t\t\t<\/div>\n\t\t<div class=\"elementor-element elementor-element-dd95703 e-flex e-con-boxed e-con e-parent\" data-id=\"dd95703\" data-element_type=\"container\">\n\t\t\t\t\t<div class=\"e-con-inner\">\n\t\t\t\t<div class=\"elementor-element elementor-element-b134bce elementor-widget elementor-widget-html\" data-id=\"b134bce\" data-element_type=\"widget\" data-widget_type=\"html.default\">\n\t\t\t\t<div class=\"elementor-widget-container\">\n\t\t\t\t\t<form  class=\"is-search-form is-form-style is-form-style-3 is-form-id-7662 \" action=\"https:\/\/idc-cdi.com\/staging\/\" method=\"get\" role=\"search\" ><label for=\"is-search-input-7662\"><span class=\"is-screen-reader-text\">Search for:<\/span><input  type=\"search\" id=\"is-search-input-7662\" name=\"s\" value=\"\" class=\"is-search-input\" placeholder=\"Search here...\" autocomplete=off \/><\/label><button type=\"submit\" class=\"is-search-submit\"><span class=\"is-screen-reader-text\">Search Button<\/span><span class=\"is-search-icon\"><svg focusable=\"false\" aria-label=\"Search\" xmlns=\"http:\/\/www.w3.org\/2000\/svg\" viewBox=\"0 0 24 24\" width=\"24px\"><path d=\"M15.5 14h-.79l-.28-.27C15.41 12.59 16 11.11 16 9.5 16 5.91 13.09 3 9.5 3S3 5.91 3 9.5 5.91 16 9.5 16c1.61 0 3.09-.59 4.23-1.57l.27.28v.79l5 4.99L20.49 19l-4.99-5zm-6 0C7.01 14 5 11.99 5 9.5S7.01 5 9.5 5 14 7.01 14 9.5 11.99 14 9.5 14z\"><\/path><\/svg><\/span><\/button><input type=\"hidden\" name=\"id\" value=\"7662\" \/><input type=\"hidden\" name=\"post_type\" value=\"post\" \/><\/form>\t\t\t\t<\/div>\n\t\t\t\t<\/div>\n\t\t\t\t\t<\/div>\n\t\t\t\t<\/div>\n\t\t<div class=\"elementor-element elementor-element-eae3491 e-flex e-con-boxed e-con e-parent\" data-id=\"eae3491\" data-element_type=\"container\">\n\t\t\t\t\t<div class=\"e-con-inner\">\n\t\t\t\t<div class=\"elementor-element elementor-element-7dda434 e-n-tabs-mobile elementor-widget elementor-widget-n-tabs\" data-id=\"7dda434\" data-element_type=\"widget\" data-settings=\"{&quot;horizontal_scroll&quot;:&quot;disable&quot;}\" data-widget_type=\"nested-tabs.default\">\n\t\t\t\t<div class=\"elementor-widget-container\">\n\t\t\t\t\t\t\t<div class=\"e-n-tabs\" data-widget-number=\"131966004\" aria-label=\"Tabs. Open items with Enter or Space, close with Escape and navigate using the Arrow keys.\">\n\t\t\t<div class=\"e-n-tabs-heading\" role=\"tablist\">\n\t\t\t\t\t<button id=\"e-n-tab-title-1319660041\" class=\"e-n-tab-title\" aria-selected=\"true\" data-tab-index=\"1\" role=\"tab\" tabindex=\"0\" aria-controls=\"e-n-tab-content-1319660041\" style=\"--n-tabs-title-order: 1;\">\n\t\t\t\t\t\t<span class=\"e-n-tab-title-text\">\n\t\t\t\tDocuments\t\t\t<\/span>\n\t\t<\/button>\n\t\t\t\t<button id=\"e-n-tab-title-1319660042\" class=\"e-n-tab-title\" aria-selected=\"false\" data-tab-index=\"2\" role=\"tab\" tabindex=\"-1\" aria-controls=\"e-n-tab-content-1319660042\" style=\"--n-tabs-title-order: 2;\">\n\t\t\t\t\t\t<span class=\"e-n-tab-title-text\">\n\t\t\t\tResolutions\t\t\t<\/span>\n\t\t<\/button>\n\t\t\t\t\t<\/div>\n\t\t\t<div class=\"e-n-tabs-content\">\n\t\t\t\t<div id=\"e-n-tab-content-1319660041\" role=\"tabpanel\" aria-labelledby=\"e-n-tab-title-1319660041\" data-tab-index=\"1\" style=\"--n-tabs-title-order: 1;\" class=\"e-active elementor-element elementor-element-301afdb e-con-full e-flex e-con e-child\" data-id=\"301afdb\" data-element_type=\"container\">\n\t\t<div class=\"elementor-element elementor-element-30ee098 e-flex e-con-boxed e-con e-child\" data-id=\"30ee098\" data-element_type=\"container\">\n\t\t\t\t\t<div class=\"e-con-inner\">\n\t\t\t\t<div class=\"elementor-element elementor-element-e1309fd elementor-widget elementor-widget-shortcode\" data-id=\"e1309fd\" data-element_type=\"widget\" data-widget_type=\"shortcode.default\">\n\t\t\t\t<div class=\"elementor-widget-container\">\n\t\t\t\t\t\t\t<div class=\"elementor-shortcode\"><div class=\"papers-grid\" style=\"display:grid; grid-template-columns:1fr; gap:2rem;\"><div class=\"paper-item\" style=\"border-bottom: 1px solid #ccc; padding-bottom: 1rem;\"><div class=\"paper-category\" style=\"font-size:0.85rem; color:#0072ce; font-weight:500;\">Documentos<\/div><h3 class=\"paper-title\" style=\"margin:0.3rem 0;\"><a href=\"https:\/\/idc-cdi.com\/staging\/declaracion-sobre-el-caso-teuchitlan-mexico-impacto-de-la-permisividad-gubernamental-ante-el-crimen-organizado\/\" style=\"color:#000;\">Declaraci\u00f3n sobre el Caso Teuchitl\u00e1n, M\u00e9xico: Impacto de la Permisividad Gubernamental ante el Crimen Organizado<\/a><\/h3><div class=\"paper-date\" style=\"font-size:0.85rem; color:#999;\">March 27, 2025<\/div><\/div><div class=\"paper-item\" style=\"border-bottom: 1px solid #ccc; padding-bottom: 1rem;\"><div class=\"paper-category\" style=\"font-size:0.85rem; color:#0072ce; font-weight:500;\">Documentos<\/div><h3 class=\"paper-title\" style=\"margin:0.3rem 0;\"><a href=\"https:\/\/idc-cdi.com\/staging\/declaracion-sobre-el-boicot-del-gobierno-angoleno-al-foro-sobre-el-futuro-de-la-democracia-en-africa-en-la-ciudad-de-benguela-angola\/\" style=\"color:#000;\">Declaraci\u00f3n sobre el boicot del gobierno angole\u00f1o al Foro sobre el Futuro de la Democracia en \u00c1frica en la ciudad de Benguela \u2013 Angola<\/a><\/h3><div class=\"paper-date\" style=\"font-size:0.85rem; color:#999;\">March 17, 2025<\/div><\/div><div class=\"paper-item\" style=\"border-bottom: 1px solid #ccc; padding-bottom: 1rem;\"><div class=\"paper-category\" style=\"font-size:0.85rem; color:#0072ce; font-weight:500;\">Documentos<\/div><h3 class=\"paper-title\" style=\"margin:0.3rem 0;\"><a href=\"https:\/\/idc-cdi.com\/staging\/la-internacional-democrata-de-centro-idc-cdi-repudia-la-ilegitima-jura-de-nicolas-maduro-como-presidente-de-venezuela\/\" style=\"color:#000;\">La Internacional Dem\u00f3crata de Centro (IDC-CDI) repudia la ileg\u00edtima jura de Nicol\u00e1s Maduro como presidente de Venezuela<\/a><\/h3><div class=\"paper-date\" style=\"font-size:0.85rem; color:#999;\">January 10, 2025<\/div><\/div><div class=\"paper-item\" style=\"border-bottom: 1px solid #ccc; padding-bottom: 1rem;\"><div class=\"paper-category\" style=\"font-size:0.85rem; color:#0072ce; font-weight:500;\">Documentos<\/div><h3 class=\"paper-title\" style=\"margin:0.3rem 0;\"><a href=\"https:\/\/idc-cdi.com\/staging\/comunicado-gobierno-esloveno-utiliza-el-metodo-venezolano\/\" style=\"color:#000;\">Comunicado: Gobierno esloveno utiliza el me\u0301todo venezolano<\/a><\/h3><div class=\"paper-date\" style=\"font-size:0.85rem; color:#999;\">May 29, 2024<\/div><\/div><div class=\"paper-item\" style=\"border-bottom: 1px solid #ccc; padding-bottom: 1rem;\"><div class=\"paper-category\" style=\"font-size:0.85rem; color:#0072ce; font-weight:500;\">Documentos<\/div><h3 class=\"paper-title\" style=\"margin:0.3rem 0;\"><a href=\"https:\/\/idc-cdi.com\/staging\/la-idc-cdi-denuncia-la-injerencia-extranjera-para-desestabilizar-a-milei\/\" style=\"color:#000;\">La IDC-CDI denuncia la injerencia extranjera para desestabilizar a Milei<\/a><\/h3><div class=\"paper-date\" style=\"font-size:0.85rem; color:#999;\">January 25, 2024<\/div><\/div><div class=\"paper-item\" style=\"border-bottom: 1px solid #ccc; padding-bottom: 1rem;\"><div class=\"paper-category\" style=\"font-size:0.85rem; color:#0072ce; font-weight:500;\">Documentos<\/div><h3 class=\"paper-title\" style=\"margin:0.3rem 0;\"><a href=\"https:\/\/idc-cdi.com\/staging\/comunicado-a-la-opinion-publica-sobre-la-jornada-de-crisis-y-de-terror-en-ecuador\/\" style=\"color:#000;\">Comunicado a la opini\u00f3n p\u00fablica sobre la jornada de crisis y de terror en Ecuador<\/a><\/h3><div class=\"paper-date\" style=\"font-size:0.85rem; color:#999;\">January 16, 2024<\/div><\/div><div class=\"paper-item\" style=\"border-bottom: 1px solid #ccc; padding-bottom: 1rem;\"><div class=\"paper-category\" style=\"font-size:0.85rem; color:#0072ce; font-weight:500;\">Documentos<\/div><h3 class=\"paper-title\" style=\"margin:0.3rem 0;\"><a href=\"https:\/\/idc-cdi.com\/staging\/comunicado-sobre-el-rechazo-a-la-persecucion-politica-al-lider-de-la-oposicion-en-colombia\/\" style=\"color:#000;\">Comunicado sobre el rechazo a la persecuci\u00f3n pol\u00edtica al l\u00edder de la oposici\u00f3n en Colombia<\/a><\/h3><div class=\"paper-date\" style=\"font-size:0.85rem; color:#999;\">December 11, 2023<\/div><\/div><div class=\"paper-item\" style=\"border-bottom: 1px solid #ccc; padding-bottom: 1rem;\"><div class=\"paper-category\" style=\"font-size:0.85rem; color:#0072ce; font-weight:500;\">Documentos<\/div><h3 class=\"paper-title\" style=\"margin:0.3rem 0;\"><a href=\"https:\/\/idc-cdi.com\/staging\/declaracao-oficial-sobre-as-eleicoes-autarquicas-de-11-de-outubro-ultimo-em-mocambiqu\/\" style=\"color:#000;\">Declara\u00e7\u00e3o Oficial sobre as elei\u00e7\u00f5es aut\u00e1rquicas de 11 de Outubro \u00faltimo em Mo\u00e7ambiqu<\/a><\/h3><div class=\"paper-date\" style=\"font-size:0.85rem; color:#999;\">October 20, 2023<\/div><\/div><\/div><div class=\"pagination\" style=\"margin-top: 2rem;\"><span aria-current=\"page\" class=\"page-numbers current\">1<\/span>\n<a class=\"page-numbers\" href=\"https:\/\/idc-cdi.com\/staging\/wp-json\/wp\/v2\/pages\/7659\/page\/2\/\">2<\/a>\n<a class=\"page-numbers\" href=\"https:\/\/idc-cdi.com\/staging\/wp-json\/wp\/v2\/pages\/7659\/page\/3\/\">3<\/a>\n<a class=\"page-numbers\" href=\"https:\/\/idc-cdi.com\/staging\/wp-json\/wp\/v2\/pages\/7659\/page\/4\/\">4<\/a>\n<a class=\"next page-numbers\" href=\"https:\/\/idc-cdi.com\/staging\/wp-json\/wp\/v2\/pages\/7659\/page\/2\/\">Next &raquo;<\/a><\/div>\n<\/div>\n\t\t\t\t\t\t<\/div>\n\t\t\t\t<\/div>\n\t\t\t\t\t<\/div>\n\t\t\t\t<\/div>\n\t\t\t\t<\/div>\n\t\t<div id=\"e-n-tab-content-1319660042\" role=\"tabpanel\" aria-labelledby=\"e-n-tab-title-1319660042\" data-tab-index=\"2\" style=\"--n-tabs-title-order: 2;\" class=\" elementor-element elementor-element-258196d e-con-full e-flex e-con e-child\" data-id=\"258196d\" data-element_type=\"container\">\n\t\t<div class=\"elementor-element elementor-element-cfeb018 e-flex e-con-boxed e-con e-child\" data-id=\"cfeb018\" data-element_type=\"container\">\n\t\t\t\t\t<div class=\"e-con-inner\">\n\t\t\t\t<div class=\"elementor-element elementor-element-f6dece8 elementor-widget elementor-widget-shortcode\" data-id=\"f6dece8\" data-element_type=\"widget\" data-widget_type=\"shortcode.default\">\n\t\t\t\t<div class=\"elementor-widget-container\">\n\t\t\t\t\t\t\t<div class=\"elementor-shortcode\"><div class=\"papers-grid\" style=\"display:grid; grid-template-columns:1fr; gap:2rem;\"><div class=\"paper-item\" style=\"border-bottom: 1px solid #ccc; padding-bottom: 1rem;\"><div class=\"paper-category\" style=\"font-size:0.85rem; color:#0072ce; font-weight:500;\">Resoluciones<\/div><h3 class=\"paper-title\" style=\"margin:0.3rem 0;\"><a href=\"https:\/\/idc-cdi.com\/staging\/resolucion-sobre-las-elecciones-parlamentarias-de-2025-en-albania-albania-integridad-electoral-y-derechos-de-la-oposicion\/\" style=\"color:#000;\">Resoluci\u00f3n sobre las Elecciones Parlamentarias de 2025 en Albania \u201cAlbania: Integridad Electoral y Derechos de la Oposici\u00f3n<\/a><\/h3><div class=\"paper-date\" style=\"font-size:0.85rem; color:#999;\">May 30, 2025<\/div><\/div><div class=\"paper-item\" style=\"border-bottom: 1px solid #ccc; padding-bottom: 1rem;\"><div class=\"paper-category\" style=\"font-size:0.85rem; color:#0072ce; font-weight:500;\">Resoluciones<\/div><h3 class=\"paper-title\" style=\"margin:0.3rem 0;\"><a href=\"https:\/\/idc-cdi.com\/staging\/resolucion-sobre-angola\/\" style=\"color:#000;\">Resoluci\u00f3n sobre Angola<\/a><\/h3><div class=\"paper-date\" style=\"font-size:0.85rem; color:#999;\">May 30, 2025<\/div><\/div><div class=\"paper-item\" style=\"border-bottom: 1px solid #ccc; padding-bottom: 1rem;\"><div class=\"paper-category\" style=\"font-size:0.85rem; color:#0072ce; font-weight:500;\">Resoluciones<\/div><h3 class=\"paper-title\" style=\"margin:0.3rem 0;\"><a href=\"https:\/\/idc-cdi.com\/staging\/resolucion-sobre-el-informe-2024-sobre-situacion-del-hambre-en-el-mundo\/\" style=\"color:#000;\">Resoluci\u00f3n sobre el informe 2024 sobre situaci\u00f3n del hambre en el mundo<\/a><\/h3><div class=\"paper-date\" style=\"font-size:0.85rem; color:#999;\">May 30, 2025<\/div><\/div><div class=\"paper-item\" style=\"border-bottom: 1px solid #ccc; padding-bottom: 1rem;\"><div class=\"paper-category\" style=\"font-size:0.85rem; color:#0072ce; font-weight:500;\">Resoluciones<\/div><h3 class=\"paper-title\" style=\"margin:0.3rem 0;\"><a href=\"https:\/\/idc-cdi.com\/staging\/resolucion-sobre-la-crisis-humanitaria-y-la-defensa-de-los-principios-democraticos-en-gaza\/\" style=\"color:#000;\">Resoluci\u00f3n sobre la crisis humanitaria y la defensa de los principios democr\u00e1ticos en Gaza<\/a><\/h3><div class=\"paper-date\" style=\"font-size:0.85rem; color:#999;\">May 30, 2025<\/div><\/div><div class=\"paper-item\" style=\"border-bottom: 1px solid #ccc; padding-bottom: 1rem;\"><div class=\"paper-category\" style=\"font-size:0.85rem; color:#0072ce; font-weight:500;\">Resoluciones<\/div><h3 class=\"paper-title\" style=\"margin:0.3rem 0;\"><a href=\"https:\/\/idc-cdi.com\/staging\/resolucion-sobre-la-detencion-de-lideres-de-la-oposicion-y-deterioro-de-la-situacion-politica-y-democratica-en-tanzania\/\" style=\"color:#000;\">Resoluci\u00f3n sobre la detenci\u00f3n de l\u00edderes de la oposici\u00f3n y deterioro de la situaci\u00f3n pol\u00edtica y democr\u00e1tica en Tanzania<\/a><\/h3><div class=\"paper-date\" style=\"font-size:0.85rem; color:#999;\">May 30, 2025<\/div><\/div><div class=\"paper-item\" style=\"border-bottom: 1px solid #ccc; padding-bottom: 1rem;\"><div class=\"paper-category\" style=\"font-size:0.85rem; color:#0072ce; font-weight:500;\">Resoluciones<\/div><h3 class=\"paper-title\" style=\"margin:0.3rem 0;\"><a href=\"https:\/\/idc-cdi.com\/staging\/resolucion-sobre-la-eleccion-de-miembros-del-poder-judicial-en-mexico\/\" style=\"color:#000;\">Resoluci\u00f3n sobre la Elecci\u00f3n de Miembros del Poder Judicial en M\u00e9xico<\/a><\/h3><div class=\"paper-date\" style=\"font-size:0.85rem; color:#999;\">May 30, 2025<\/div><\/div><div class=\"paper-item\" style=\"border-bottom: 1px solid #ccc; padding-bottom: 1rem;\"><div class=\"paper-category\" style=\"font-size:0.85rem; color:#0072ce; font-weight:500;\">Resoluciones<\/div><h3 class=\"paper-title\" style=\"margin:0.3rem 0;\"><a href=\"https:\/\/idc-cdi.com\/staging\/resolucion-sobre-la-guerra-de-agresion-de-rusia-contra-ucrania-y-el-camino-hacia-una-paz-justa\/\" style=\"color:#000;\">Resoluci\u00f3n sobre la guerra de agresi\u00f3n de Rusia contra Ucrania y el camino hacia una paz justa<\/a><\/h3><div class=\"paper-date\" style=\"font-size:0.85rem; color:#999;\">May 30, 2025<\/div><\/div><div class=\"paper-item\" style=\"border-bottom: 1px solid #ccc; padding-bottom: 1rem;\"><div class=\"paper-category\" style=\"font-size:0.85rem; color:#0072ce; font-weight:500;\">Resoluciones<\/div><h3 class=\"paper-title\" style=\"margin:0.3rem 0;\"><a href=\"https:\/\/idc-cdi.com\/staging\/resolucion-sobre-la-promocion-de-la-paz-la-seguridad-y-la-prosperidad-internacionales-a-traves-de-la-cooperacion-entre-el-foro-religioso-del-g20-r20-y-la-idc-cdi\/\" style=\"color:#000;\">Resoluci\u00f3n sobre la promoci\u00f3n de la paz, la seguridad y la prosperidad internacionales a trav\u00e9s de la cooperaci\u00f3n entre el Foro Religioso del G20 (R20) y la IDC-CDI<\/a><\/h3><div class=\"paper-date\" style=\"font-size:0.85rem; color:#999;\">May 30, 2025<\/div><\/div><\/div><div class=\"pagination\" style=\"margin-top: 2rem;\"><span aria-current=\"page\" class=\"page-numbers current\">1<\/span>\n<a class=\"page-numbers\" href=\"https:\/\/idc-cdi.com\/staging\/wp-json\/wp\/v2\/pages\/7659\/page\/2\/\">2<\/a>\n<a class=\"page-numbers\" href=\"https:\/\/idc-cdi.com\/staging\/wp-json\/wp\/v2\/pages\/7659\/page\/3\/\">3<\/a>\n<span class=\"page-numbers dots\">&hellip;<\/span>\n<a class=\"page-numbers\" href=\"https:\/\/idc-cdi.com\/staging\/wp-json\/wp\/v2\/pages\/7659\/page\/26\/\">26<\/a>\n<a class=\"next page-numbers\" href=\"https:\/\/idc-cdi.com\/staging\/wp-json\/wp\/v2\/pages\/7659\/page\/2\/\">Next &raquo;<\/a><\/div>\n<\/div>\n\t\t\t\t\t\t<\/div>\n\t\t\t\t<\/div>\n\t\t\t\t\t<\/div>\n\t\t\t\t<\/div>\n\t\t\t\t<\/div>\n\t\t\t\t\t<\/div>\n\t\t<\/div>\n\t\t\t\t\t\t<\/div>\n\t\t\t\t<\/div>\n\t\t\t\t\t<\/div>\n\t\t\t\t<\/div>\n\t\t\t\t<\/div>\n\t\t","protected":false},"excerpt":{"rendered":"<p>Documents Resolutions Documentos Declaraci\u00f3n sobre el Caso Teuchitl\u00e1n, M\u00e9xico: Impacto de la Permisividad Gubernamental ante el Crimen Organizado March 27, 2025Documentos Declaraci\u00f3n sobre el boicot del gobierno angole\u00f1o al Foro sobre el Futuro de la Democracia en \u00c1frica en la ciudad de Benguela \u2013 Angola March 17, 2025Documentos La Internacional Dem\u00f3crata de Centro (IDC-CDI) repudia [&hellip;]<\/p>\n","protected":false},"author":1,"featured_media":0,"parent":0,"menu_order":0,"comment_status":"closed","ping_status":"closed","template":"elementor_header_footer","meta":{"_acf_changed":false,"_seopress_robots_primary_cat":"","_seopress_titles_title":"","_seopress_titles_desc":"","_seopress_robots_index":"","inline_featured_image":false,"footnotes":""},"class_list":["post-7659","page","type-page","status-publish","hentry"],"acf":[],"_links":{"self":[{"href":"https:\/\/idc-cdi.com\/staging\/wp-json\/wp\/v2\/pages\/7659","targetHints":{"allow":["GET"]}}],"collection":[{"href":"https:\/\/idc-cdi.com\/staging\/wp-json\/wp\/v2\/pages"}],"about":[{"href":"https:\/\/idc-cdi.com\/staging\/wp-json\/wp\/v2\/types\/page"}],"author":[{"embeddable":true,"href":"https:\/\/idc-cdi.com\/staging\/wp-json\/wp\/v2\/users\/1"}],"replies":[{"embeddable":true,"href":"https:\/\/idc-cdi.com\/staging\/wp-json\/wp\/v2\/comments?post=7659"}],"version-history":[{"count":3,"href":"https:\/\/idc-cdi.com\/staging\/wp-json\/wp\/v2\/pages\/7659\/revisions"}],"predecessor-version":[{"id":7666,"href":"https:\/\/idc-cdi.com\/staging\/wp-json\/wp\/v2\/pages\/7659\/revisions\/7666"}],"wp:attachment":[{"href":"https:\/\/idc-cdi.com\/staging\/wp-json\/wp\/v2\/media?parent=7659"}],"curies":[{"name":"wp","href":"https:\/\/api.w.org\/{rel}","templated":true}]}}